3?
-954845
1211202000002 (base 3) to base 15
14514e
Convert 1100011011011111110 (base 2) to base 12.
177852
-106383 (base 14) to base 16
-877ef
Convert -55142304 (base 6) to base 15.
-227c94
Convert -153b4b8 (base 12) to base 7.
-51436436
-93b15 (base 13) to base 7
-2154050
Convert -599160 (base 14) to base 2.
-1011101011000010000000
What is -c9089 (base 14) in base 9?
-820357
35454200 (base 6) to base 10
1111608
-109790 (base 10) to base 11
-7553a
-1ab40 (base 13) to base 6
-1042442
200202120110 (base 3) to base 15
74646
What is 120a5b (base 12) in base 4?
1013033213
2644005 (base 7) to base 2
1010100101111110001
Convert -16555604 (base 9) to base 8.
-37532270
Convert 257a2 (base 11) to base 7.
212366
What is 11314304 (base 5) in base 2?
11001011110001001
Convert -5b6cb (base 13) to base 9.
-275586
-21002220201120 (base 3) to base 11
-2150090
What is 669396 (base 10) in base 7?
5455410
Convert 980700 (base 10) to base 9.
1754236
134a5 (base 13) to base 15
a9c8
What is 411033 (base 6) in base 12?
16a79
Convert 14d59c2 (base 14) to base 15.
d66014
Convert 1907 (base 11) to base 12.
14a3
31327b (base 12) to base 14
1618bd
What is 10101123334 (base 5) in base 8?
46644317
Convert 235403 (base 7) to base 2.
1010011011101011
-2000313320 (base 4) to base 12
-215588
What is -47575474 (base 8) in base 6?
-1011152044
1110110001111101 (base 2) to base 13
21730
What is 176411 (base 12) in base 9?
676424
Convert -323102314 (base 5) to base 14.
-27c4d5
What is 32250 (base 7) in base 12?
4786
1666504 (base 8) to base 16
76d44
-11567513 (base 8) to base 15
-356087
What is 5551230 (base 6) in base 12?
115516
What is 30304022 (base 5) in base 8?
735046
-2b1240a (base 13) to base 16
-d222da
10112010100 (base 3) to base 16
10ee1
Convert -1c2ed (base 15) to base 7.
-531430
What is 2a2087 (base 12) in base 14?
146331
Convert -ebdc3 (base 16) to base 7.
-11132366
What is 10567541 (base 8) in base 15?
30358a
Convert -1233002 (base 8) to base 3.
-122100110101
What is -d6706 (base 16) in base 9?
-1577765
b788 (base 14) to base 9
47405
What is 21210221121 (base 3) in base 14?
40085
Convert -60a061 (base 13) to base 11.
-12a734a
Convert -10100010100110011 (base 2) to base 9.
-136171
789583 (base 12) to base 3
10121202100100
What is 112413003 (base 6) in base 7?
23505246
What is 1306665 (base 7) in base 4?
221213211
356826 (base 10) to base 7
3014211
9b178 (base 14) to base 2
1011011110110100110
Convert -384830 (base 9) to base 6.
-4555430
What is -216545326 (base 7) in base 15?
-124c9aa
What is -357333 (base 10) in base 12?
-152959
What is 111011100100110111010 (base 2) in base 5?
444432221
What is 1366556 (base 13) in base 10?
6126152
41125101 (base 7) to base 3
20110112012110
-9943 (base 16) to base 2
-1001100101000011
-10001201 (base 5) to base 9
-128361
What is -1111000101000111110 (base 2) in base 16?
-78a3e
Convert 541760 (base 11) to base 2.
11010011011100001111
-413457 (base 10) to base 16
-64f11
Convert 471289 (base 11) to base 14.
156a25
Convert -6a020 (base 12) to base 9.
-235356
-4331521 (base 6) to base 16
-344e9
What is -450529 (base 10) in base 2?
-1101101111111100001
Convert 33f61 (base 16) to base 2.
110011111101100001
Convert 11113302 (base 4) to base 2.
101010111110010
-1563633 (base 8) to base 3
-211222201112
135061 (base 9) to base 7
462220
What is 1171a3 (base 16) in base 3?
2011002011212
What is -13cc29 (base 14) in base 7?
-5564652
What is 432241131 (base 5) in base 3?
10110022221120
3121130021 (base 4) to base 7
10366412
-1032421222 (base 5) to base 9
-4172603
Convert -74376 (base 10) to base 15.
-17086
What is 113003200 (base 4) in base 7?
542212
-184588 (base 10) to base 3
-100101012121
Convert 625617 (base 9) to base 6.
11544111
Convert 1a26039 (base 13) to base 5.
4201010331
What is -4024240 (base 5) in base 2?
-1111101101000000
What is -11022122212210 (base 3) in base 8?
-10604707
-18c6b (base 16) to base 5
-11221413
-1514232 (base 6) to base 12
-42978
What is 213301123 (base 4) in base 2?
100111110001011011
Convert -142367 (base 10) to base 16.
-22c1f
2061725 (base 8) to base 7
4450022
-13034324 (base 6) to base 14
-b0b36
What is 387535 (base 11) in base 14?
11c569
What is -1276711 (base 8) in base 4?
-1113313021
Convert -78b1b9 (base 15) to base 14.
-a9c645
What is 91fd0 (base 16) in base 4?
2101333100
-3023067 (base 8) to base 9
-1443173
What is 111066464 (base 7) in base 10?
6722699
Convert 38478 (base 13) to base 4.
121121202
105768b (base 13) to base 7
60244541
What is 355762 (base 11) in base 15?
b2153
3a5a530 (base 12) to base 14
1771a4c
Convert -10000010000010000011010 (base 2) to base 7.
-51134264
Convert -21422341 (base 5) to base 8.
-553163
-100010001100101000 (base 2) to base 11
-96269
What is 1130001 (base 4) in base 8?
13401
-2632b2 (base 13) to base 4
-3200313002
Convert -10101100101100010 (base 2) to base 10.
-88418
-1645403 (base 7) to base 6
-4532505
Convert 3672206 (base 8) to base 7.
11415655
Convert -7b79 (base 14) to base 10.
-21471
46438a (base 12) to base 5
242032234
What is -30242 (base 11) in base 12?
-21703
Convert 4048013 (base 9) to base 11.
1244254
-2e23b1 (base 15) to base 8
-10415323
16aa74 (base 13) to base 4
2022102032
Convert -102111002100 (base 3) to base 14.
-5c549
131245564 (base 7) to base 6
500001011
-202344320 (base 6) to base 16
-3521b8
What is 5040522 (base 6) in base 2?
111010010001000010
212244421 (base 5) to base 6
31142334
What is 1211000300 (base 4) in base 8?
1450060
-34b9b (base 14) to base 6
-2430553
-c8191 (base 15) to base 14
-127513
What is 12641575 (base 9) in base 12?
2103b1b
Convert -1199820 (base 10) to base 5.
-301343240
What is 249da26 (base 14) in base 15?
1827e88
What is 109396 (base 10) in base 9?
176051
Convert -414533 (base 7) to base 13.
-26594
c51881 (base 14) to base 11
38325a2
Convert -5c929b (base 13) to base 10.
-2219436
Convert 40403313 (base 6) to base 14.
21d981
-53640 (base 14) to base 10
-201544
-44422131 (base 6) to base 5
-320344201
-4556240 (base 7) to base 8
-2126764
Convert 2278a9 (base 12) to base 7.
4460553
Convert -3406627 (base 11) to base 10.
-5967628
166ba (base 16) to base 5
10414314
1202003 (base 4) to base 8
14203
What is -1830197 (base 12) in base 7?
-60555163
What is -3022013231 (base 4) in base 5?
-202443020
Convert -4544555 (base 6) to base 16.
-38957
Convert 1704014 (base 10) to base 9.
3176418
-bad75 (base 15) to base 4
-2100323330
-3343423224 (base 5) to base 7
-116640244
Convert -d005 (base 14) to base 13.
-13315
31032306 (base 7) to base 2
1001111001110111100000
Convert -1134909 (base 13) to base 4.
-110030200113
Convert 10010110110101101000 (base 2) to base 9.
1141450
-457bcc (base 14) to base 15
-31aab5
What is -51b99 (base 12) in base 11?
-73522
Convert -9a53 (base 11) to base 13.
-6050
Convert 26a7 (base 14) to base 7.
25600
What is -74926 (base 11) in base 10?
-108928
-151c4 (base 13) to base 15
-bc35
-15030253 (base 6) to base 15
-a33a9
-528563 (base 9) to base 16
-4cd25
-66404 (base 9) to base 7
-242323
Convert -331a49b (base 13) to base 8.
-73535711
-11000010000100110 (base 2) to base 10
-99366
100022000002021 (base 3) to base 7
56664526
Convert -2111021210221 (base 3) to base 14.
-266960
2323001232 (base 4) to base 11
483610
Convert 109467 (base 14) to base 4.
2021203003
Convert 105187 (base 9) to base 3.
10012012221
What is -2156a (base 14) in base 10?
-80650
Convert 2211202 (base 4) to base 2.
10100101100010
1012220000211 (base 3) to base 13
198880
What is -1101101000001001 (base 2) in base 13?
-1c538
What is 10633000 (base 8) in base 5?
1042320314
312011230 (base 4) to base 2
110110000101101100
What is -251f21 (base 16) in base 9?
-4517152
What is 446cd (base 15) in base 10?
217543
1101110011100000 (base 2) to base 11
39534
Convert 11131465 (base 9) to base 2.
10100100100111101001110
What is 11100100000010100 (base 2) in base 14?
3079a
What is -11122111011 (base 3) in base 10?
-91480
Convert 323302010 (base 5) to base 6.
45402154
What is -165b36 (base 13) in base 12?
-2295b8
-2324314124 (base 5) to base 13
-113a9a8
What is -2501430 (base 6) in base 4?
-200113122
What is 296179 (base 12) in base 11?
4350a1
What is -16bab4 (base 13) in base 10?
-568663
-337532 (base 8) to base 2
-11011111101011010
Convert -12a8799 (base 12) to b